
What is the hundreds digit of 403?
4
What is the thousands digit of 10100?
0
What is the units digit of 1771?
1
What is the tens digit of 26951?
5
What is the tens digit of 2580?
8
What is the hundreds digit of 2617?
6
What is the thousands digit of 65793?
5
What is the thousands digit of 3928?
3
What is the units digit of 10902?
2
What is the thousands digit of 2935?
2
What is the hundreds digit of 18241?
2
What is the thousands digit of 4316?
4
What is the units digit of 7692?
2
What is the tens digit of 1606?
0
What is the tens digit of 749?
4
What is the hundreds digit of 2750?
7
What is the units digit of 339?
9
What is the thousands digit of 1123?
1
What is the units digit of 710?
0
What is the tens digit of 6130?
3
What is the tens digit of 32972?
7
What is the tens digit of 818?
1
What is the thousands digit of 150375?
0
What is the tens digit of 317?
1
What is the tens digit of 27041?
4
What is the thousands digit of 10895?
0
What is the thousands digit of 27312?
7
What is the thousands digit of 2508?
2
What is the ten thousands digit of 17660?
1
What is the units digit of 1091?
1
What is the units digit of 7155?
5
What is the tens digit of 454?
5
What is the tens digit of 5037?
3
What is the units digit of 32071?
1
What is the thousands digit of 15115?
5
What is the hundreds digit of 55965?
9
What is the tens digit of 3811?
1
What is the tens digit of 468?
6
What is the ten thousands digit of 14432?
1
What is the units digit of 19543?
3
What is the thousands digit of 3303?
3
What is the hundreds digit of 1821?
8
What is the tens digit of 28706?
0
What is the tens digit of 1004?
0
What is the hundreds digit of 104309?
3
What is the thousands digit of 3425?
3
What is the thousands digit of 7937?
7
What is the tens digit of 299?
9
What is the units digit of 8?
8
What is the thousands digit of 5851?
5
What is the thousands digit of 34202?
4
What is the thousands digit of 7147?
7
What is the hundred thousands digit of 105242?
1
What is the units digit of 61?
1
What is the hundreds digit of 7358?
3
What is the units digit of 56251?
1
What is the units digit of 361?
1
What is the tens digit of 15332?
3
What is the units digit of 753?
3
What is the hundreds digit of 3376?
3
What is the thousands digit of 23888?
3
What is the hundreds digit of 44234?
2
What is the hundreds digit of 3407?
4
What is the tens digit of 1331?
3
What is the tens digit of 5984?
8
What is the units digit of 323?
3
What is the tens digit of 5454?
5
What is the ten thousands digit of 24272?
2
What is the units digit of 40752?
2
What is the units digit of 18626?
6
What is the hundreds digit of 4320?
3
What is the hundreds digit of 1585?
5
What is the thousands digit of 1850?
1
What is the hundreds digit of 79916?
9
What is the hundreds digit of 478?
4
What is the units digit of 951?
1
What is the tens digit of 5045?
4
What is the tens digit of 1729?
2
What is the ten thousands digit of 41331?
4
What is the ten thousands digit of 15132?
1
What is the tens digit of 32748?
4
What is the ten thousands digit of 13928?
1
What is the units digit of 4841?
1
What is the thousands digit of 5310?
5
What is the ten thousands digit of 13825?
1
What is the thousands digit of 15411?
5
What is the units digit of 1915?
5
What is the units digit of 772?
2
What is the thousands digit of 4474?
4
What is the tens digit of 629?
2
What is the thousands digit of 61902?
1
What is the tens digit of 21320?
2
What is the thousands digit of 3550?
3
What is the tens digit of 63493?
9
What is the thousands digit of 1756?
1
What is the tens digit of 2166?
6
What is the units digit of 1313?
3
What is the thousands digit of 47404?
7
What is the tens digit of 1144?
4
What is the tens digit of 55053?
5
What is the tens digit of 28791?
9
What is the hundreds digit of 11267?
2
What is the units digit of 1?
1
What is the thousands digit of 13149?
3
What is the thousands digit of 24988?
4
What is the units digit of 15303?
3
What is the units digit of 35845?
5
What is the hundreds digit of 1964?
9
What is the units digit of 589?
9
What is the thousands digit of 18004?
8
What is the hundreds digit of 997?
9
What is the hundreds digit of 15819?
8
What is the units digit of 630?
0
What is the hundreds digit of 324?
3
What is the tens digit of 24696?
9
What is the thousands digit of 1115?
1
What is the hundreds digit of 1943?
9
What is the thousands digit of 91012?
1
What is the tens digit of 9610?
1
What is the tens digit of 11330?
3
What is the tens digit of 4635?
3
What is the thousands digit of 2070?
2
What is the units digit of 779?
9
What is the hundreds digit of 45000?
0
What is the hundreds digit of 594?
5
What is the hundreds digit of 25197?
1
What is the tens digit of 79484?
8
What is the units digit of 1058?
8
What is the hundreds digit of 120?
1
What is the thousands digit of 2042?
2
What is the units digit of 2109?
9
What is the thousands digit of 2171?
2
What is the ten thousands digit of 12140?
1
What is the tens digit of 3272?
7
What is the units digit of 11136?
6
What is the tens digit of 8626?
2
What is the thousands digit of 38391?
8
What is the units digit of 2211?
1
What is the thousands digit of 6527?
6
What is the units digit of 10011?
1
What is the units digit of 28?
8
What is the units digit of 451?
1
What is the hundreds digit of 596?
5
What is the units digit of 10334?
4
What is the ten thousands digit of 27517?
2
What is the thousands digit of 16261?
6
What is the tens digit of 6402?
0
What is the tens digit of 432?
3
What is the hundreds digit of 1850?
8
What is the tens digit of 972?
7
What is the thousands digit of 22624?
2
What is the hundreds digit of 11205?
2
What is the hundreds digit of 144?
1
What is the units digit of 6?
6
What is the thousands digit of 67502?
7
What is the units digit of 25159?
9
What is the hundreds digit of 825?
8
What is the tens digit of 7618?
1
What is the thousands digit of 52082?
2
What is the ten thousands digit of 43150?
4
What is the tens digit of 1248?
4
What is the hundreds digit of 22548?
5
What is the thousands digit of 1176?
1
What is the units digit of 2796?
6
What is the hundreds digit of 1074?
0
What is the ten thousands digit of 98579?
9
What is the thousands digit of 6409?
6
What is the tens digit of 2236?
3
What is the thousands digit of 1388?
1
What is the units digit of 1090?
0
What is the tens digit of 3934?
3
What is the tens digit of 2341?
4
What is the hundreds digit of 95978?
9
What is the hundreds digit of 1286?
2
What is the tens digit of 6304?
0
What is the units digit of 945?
5
What is the hundreds digit of 103?
1
What is the hundreds digit of 864?
8
What is the units digit of 5735?
5
What is the units digit of 8322?
2
What is the tens digit of 38702?
0
What is the ten thousands digit of 23748?
2
What is the thousands digit of 1800?
1
What is the hundreds digit of 8828?
8
What is the units digit of 276?
6
What is the ten thousands digit of 18078?
1
What is the tens digit of 94212?
1
What is the units digit of 1009?
9
What is the ten thousands digit of 14674?
1
What is the ten thousands digit of 72530?
7
What is the ten thousands digit of 22603?
2
What is the hundreds digit of 7321?
3
What is the hundreds digit of 2067?
0
What is the tens digit of 2430?
3
What is the hundreds digit of 363?
3
What is the tens digit of 4672?
7
What is the hundreds digit of 11633?
6
What is the units digit of 1620?
0
What is the hundreds digit of 18327?
3
What is the hundreds digit of 951?
9
What is the units digit of 3942?
2
What is the thousands digit of 5385?
5
What is the tens digit of 2647?
4
What is the units digit of 4773?
3
What is the hundreds digit of 17494?
4
What is the thousands digit of 9880?
9
What is the tens digit of 117604?
0
What is the thousands digit of 9177?
9
What is the units digit of 55666?
6
What is the units digit of 170785?
5
What is the ten thousands digit of 18490?
1
What is the units digit of 540?
0
What is the hundreds digit of 462?
4
What is the hundreds digit of 3724?
7
What is the hundreds digit of 14078?
0
What is the thousands digit of 2303?
2
What is the thousands digit of 2863?
2
What is the thousands digit of 42799?
2
What is the units digit of 2874?
4
What is the tens digit of 90719?
1
What is the hund